k/52)/(-31))/(1/12)?
10
Suppose 3*n + 0*n + 2*y = 479, 306 = 2*n - 2*y. Calculate the remainder when 473 is divided by n.
2
Calculate the remainder when (-42)/(-7) - 12682/(-17) is divided by 153.
140
Suppose -3*l + 83*i - 87*i = -40, 20 = l - 2*i. What is the remainder when 2813 is divided by l?
13
Suppose -1979*d = -1948*d - 8787 - 34241. What is the remainder when d is divided by 107?
104
Let b(v) = v**3 - 10*v**2 + 4*v + 13. Let m be b(10). Let t = 119 - m. Let x(g) = 5*g**2 - 2*g - 2. What is the remainder when t is divided by x(2)?
10
Suppose -4*d - 4*h + 349 + 291 = 0, 3*d + 2*h - 485 = 0. Calculate the remainder when d is divided by 1610/(-69)*3*(-2)/5.
25
Suppose 1453 = 26*b + 75. Let o(n) = -n**3 + 5*n**2 - 6*n - 7. Let f be o(5). Let t = 139 + f. What is the remainder when t is divided by b?
49
Let g = -7859 + 8015. What is the remainder when g is divided by 35?
16
Suppose 5*i - 4*i + 24 = 4*n, 21 = i + 5*n. What is the remainder when 127 is divided by (-135)/i - ((-118)/(-8) - 15)?
25
What is the remainder when 268 is divided by (-6 + 11 - -234) + (-17 - -13)?
33
Suppose 3282 + 9708 = 10*i. Suppose -39*t - 168 + i = 0. Suppose -5*a + 26 = -2*j, 2*a = j + 4*j + 23. What is the remainder when t is divided by a?
1
Calculate the remainder when -1*((-41)/9*344 - 3/(-27)) is divided by 386.
23
Let s = 34714 - 34208. What is the remainder when s is divided by 40?
26
Let y be (-8)/12*(-15)/2. Let r(w) = w**3 - 5*w**2 + 2*w - 7. What is the remainder when 24 is divided by r(y)?
0
Let v = 493 + -489. Calculate the remainder when 8/16 + 362/v is divided by 16.
11
Let p(f) = -f**3 - 12*f**2 - 20*f + 33. What is the remainder when p(-12) is divided by 112?
49
Let d = 5784 - 5775. Suppose -5*g - 4*l - 8 = -8*l, l - 2 = -5*g. Suppose g = -3*i + 33 + 72. Calculate the remainder when i is divided by d.
8
Suppose -374 = -4*w - 1094. Suppose -5*x = -0*n - n - 61, -5*x - 4*n = -56. What is the remainder when x is divided by 195/27 - 8*(-5)/w?
5
Suppose -3*q - 4*w = -483 + 123, 414 = 5*q - 14*w. Suppose -3*i + 19 = -2*i. Calculate the remainder when q is divided by i.
13
Suppose -3*h = -5 + 8, -251 = -3*y - 4*h. Suppose 4*o - 3*b - 99 = 0, 0*o - 5*o + y = 4*b. What is the remainder when (-666)/(-8) + (-1)/4 is divided by o?
20
Suppose -238 = 4*q + 362. Calculate the remainder when 235 - (2/6)/(25/q) is divided by 63.
48
Suppose 0 = 2*v + 4*v - 24. Let s(j) = 8*j - 2. Let k be s(v). What is the remainder when (2 + 136/10)*k/12 is divided by 21?
18
Let c(a) = 4*a - 9820*a**2 + 2*a - 2*a + 9823*a**2 + 11. Calculate the remainder when c(8) is divided by 17.
14
Calculate the remainder when 60/300 - (-4338)/10 is divided by 45.
29
Suppose 8*d - 2550 + 2398 = 0. Calculate the remainder when 263 is divided by d.
16
Suppose 48*q = 60*q - 168. Calculate the remainder when 1314 is divided by q.
12
Suppose -576*x - 1353 = -609*x. What is the remainder when 97 is divided by x?
15
Let s = -15894 - -16033. What is the remainder when 993 is divided by s?
20
Suppose 2*d - 5*i = 701, -7*i - 10 = -5*i. Calculate the remainder when d is divided by 44.
30
Let a(f) = f + 7. Let v(j) = -j**2 - 8*j - 22. Let l be v(0). Let z = -21 - l. What is the remainder when a(-6) is divided by z?
0
Let k(d) = 2790*d + 4*d**2 - 11 - 1397*d - 1388*d. What is the remainder when k(-6) is divided by 21?
19
Let g(i) = i**2 + 3*i + 10. Suppose -608 = -4*k + 228*q - 223*q, -2*q + 727 = 5*k. What is the remainder when k is divided by g(-8)?
47
Let p(f) be the first derivative of 3*f**2/2 - 2*f + 1. Suppose -4*w - 4 = 4*o, 4*w - 12*o - 17 = -9*o. What is the remainder when 14 is divided by p(w)?
2
Suppose 0 = s - 11*l - 1720, -2296 = 4*s + 4*l - 9224. Calculate the remainder when s is divided by 193.
187
Suppose -2023 = -2364*d + 2357*d. What is the remainder when 877 is divided by d?
10
Let w = 52 - 54. Let i be (6/15)/(w/(-5))*12. Let h(p) = 5*p - 20. What is the remainder when h(i) is divided by 23?
17
Let d(m) = 107*m - 2626. Calculate the remainder when d(28) is divided by 4.
2
Let d = -5105 + 5188. Calculate the remainder when 163 is divided by d.
80
Suppose 31*s = 26*s + 25, 0 = -g + 5*s - 132. Let r = -84 - g. Calculate the remainder when 50 is divided by r.
4
Calculate the remainder when (-222636)/(-156) + (-75)/65 + 1 is divided by 130.
127
Let x(m) = -360*m + 1120. Calculate the remainder when 707 is divided by x(3).
27
Let m = -44 - -53. Let l(j) = 8*j**2 + 6*j**3 + 14 - 7*j**3 + 17*j - 7*j. Calculate the remainder when 87 is divided by l(m).
18
Suppose 0 = 5*l - 6*l - 1. Calculate the remainder when 18 is divided by 0/l + -1 - 247/(-13).
0
Calculate the remainder when ((-6)/(-11))/(7/(-77)) - 33402/(-2) is divided by 138.
135
Let o(z) be the first derivative of 2*z**2 + 10*z + 12. Let l be o(-2). Calculate the remainder when 63 is divided by l/(-4)*(-23 - 3).
11
Let d = 2 - 2. Suppose -2*l + 4*p + 8 = d, -6*p - 1 = 2*l - p. Suppose -l*f = -34 + 10. Calculate the remainder when f is divided by 5.
2
Suppose 121 = 5*s - 259. Suppose -5*v + s = 4*b, 0*b = 2*v + 2*b - 32. Suppose w - 12 = -2*w, 5*x = 2*w + 102. Calculate the remainder when x is divided by v.
10
Suppose 3*u - 69 = -2*u - 2*v, -3*u + 30 = 5*v. Let t(x) = -25*x + 2. What is the remainder when t(-2) is divided by u?
7
Let y = -14 + 14. Let a be (1 - y)*(-152)/(-4). Suppose a*b = 41*b - 231. What is the remainder when b is divided by 26?
25
Let o be 9/(-2) + (-20)/(-8) + -3. What is the remainder when 113 is divided by -51*5/o - 9?
29
Suppose 854 - 95 = 25*f - 41. What is the remainder when 3863 is divided by f?
23
Let s(a) = 13*a**2 - 2*a + 1. Suppose 2*h = -0*h + 2. Suppose 3*y - 3*u - 82 = 104, 2*y + 5*u - 103 = 0. Calculate the remainder when y is divided by s(h).
11
Suppose -2*g = -5*p + 193, -p = -2*p + 3*g + 49. Suppose 2 = 5*m - 4*m. Suppose -146 = -m*n + n. What is the remainder when n is divided by p?
35
Suppose 187 - 235 = -4*q. What is the remainder when 60 is divided by -1 + 64/3*q/8?
29
Let b(t) = -t**3 - 10*t**2 - 71*t - 21. Calculate the remainder when 7568 is divided by b(-6).
260
Let q = -20071 + 20269. Calculate the remainder when q is divided by 71.
56
Suppose 0 = 4*o + o - 10. Suppose -54 = -2*m - i, -54 = -o*m - 4*i - 12. Suppose -291*h + 2892 = 216 + 348. Calculate the remainder when m is divided by h.
5
What is the remainder when 1/((4/(-13678))/(36/(-126))) is divided by 281?
134
Suppose 53300 = 34*n - 56894. Calculate the remainder when n is divided by 3234.
7
Suppose -d = 3*d - 1316. Suppose -411 = -5*t + z, -14*t + 10*t + z = -d. What is the remainder when 240 is divided by t?
76
Suppose 8*x - 518 = -2*n + 5*x, 0 = 5*n - x - 1278. Suppose -15*g + 17*g = n. Let c = g - 67. Calculate the remainder when c is divided by 21.
19
Suppose 2*v + 2*y + 2*y = -6, 0 = 4*v - 2*y - 38. Suppose -v*s + 88 + 213 = 0. What is the remainder when s is divided by 12?
7
Let d be 15/(-3)*(-2)/5. Let w = d + 9. Suppose 7*r - w*r + 40 = 0. Calculate the remainder when 34 is divided by r.
4
Let n(b) = -38*b**2 - 8*b - 7. Let v be n(-3). Let q = v + 372. Calculate the remainder when q is divided by 17.
13
What is the remainder when ((-1)/(3/(-26)))/((-10)/120*-1) is divided by 41?
22
Let y(r) = -r**3 + 24*r**2 - 6*r + 22. Let f be y(24). Let j = 146 + f. What is the remainder when 43 is divided by j?
19
Let t = -951 + 954. Suppose -6 = 4*q - 5*c - 86, q - t*c - 13 = 0. Calculate the remainder when 94/(1/(-1)*-2) is divided by q.
22
Let v(c) = 44*c + 2. Let z be v(-1). Suppose 5*t = -4*j + 232, 3*j + t - 122 - 63 = 0. What is the remainder when j is divided by (-636)/z - (-2)/(-14)?
3
Let i = -157 + 172. Suppose -19 = i*l - 16*l. Calculate the remainder when l is divided by 6.
1
Let m = 5234 + -4713. What is the remainder when m is divided by 164?
29
Suppose -73*k + 74*k = -o + 213, 4*o = 3*k + 887. Suppose 0 = 5*a - 25, g + 4*g + a = 370. What is the remainder when o is divided by g?
72
Suppose -2088 = -81*c + 1719. What is the remainder when 74 is divided by c?
27
Suppose -23*h + 1812 = -18555 - 11. Calculate the remainder when h is divided by 37.
35
Let f = -146 + 146. Suppose n + 422 - 451 = f. Calculate the remainder when 86 is divided by n.
28
Let t(p) = -p**2 + 10*p - 11. Let w = 6949 - 6946. Calculate the remainder